{"id":1113,"date":"2018-02-15T16:04:12","date_gmt":"2018-02-15T21:04:12","guid":{"rendered":"https:\/\/paintballsolutions.com\/?page_id=1113"},"modified":"2025-04-15T01:14:27","modified_gmt":"2025-04-15T06:14:27","slug":"warranty-document-french","status":"publish","type":"page","link":"https:\/\/paintballsolutions.com\/index.php\/warranty-information\/warranty-document-french\/","title":{"rendered":"Warranty Document &#8211; French"},"content":{"rendered":"<p class=\"MsoNormal\"><span lang=\"FR\">Kore Outdoor Ltd. s\u2019engage \u00e0 vous fournir des produits de la plus haute qualit\u00e9 ainsi que le meilleur service possible afin que vous puissiez jouer en toute s\u00e9r\u00e9nit\u00e9.<\/span><\/p>\n<p class=\"MsoNormal\">Kore Outdoor Ltd.<\/p>\n<p class=\"MsoListParagraph\">4230 Lake Ave.<br \/>\nFort Wayne, IN 46815<\/p>\n<p class=\"MsoNormal\"><span lang=\"FR\"><a href=\"http:\/\/www.empirepaintball.com\/\">www.GISportz.com <\/a><\/span><\/p>\n<p class=\"MsoNormal\"><span lang=\"FR\">G.I. Sportz Paintball is a brand of Kore Outdoor Ltd.<\/span><\/p>\n<p class=\"MsoNormal\"><strong><span lang=\"FR\">BREVET(S)\u00a0: <\/span><\/strong><span lang=\"FR\">rendez-vous sur <\/span><span lang=\"FR\">www.\/patents \u00a9 2018 Kore Outdoor Ltd.. Tous droits r\u00e9serv\u00e9s. Ce produit Kore Outdoor Ltd.\u00a0est prot\u00e9g\u00e9 par un ou plusieurs brevets aux \u00c9tats-Unis. Les marques, dessins et copyrights de Kore Outdoor Ltd. sont prot\u00e9g\u00e9s par une ou plusieurs lois internationales ou brevets d\u00e9pos\u00e9s aux \u00c9tats-Unis. Pour plus d\u2019informations, contactez Kore Outdoor Ltd. \u00e0 <\/span><span lang=\"FR\"><a href=\"mailto:info@koreoutdoor.com\">info@koreoutdoor.com<\/a><\/span><\/p>\n<p class=\"MsoNormal\"><strong><span lang=\"FR\">Enregistrement de garantie<\/span><\/strong><\/p>\n<p class=\"MsoNormal\"><span lang=\"FR\">Pour activer votre garantie limit\u00e9e, vous devez d\u00e9clarer le chargeur dans les trente (30) jours apr\u00e8s la date d\u2019achat originale en compl\u00e9tant le formulaire disponible sur le site web de Paintball Solutions\u00a0:<\/span><\/p>\n<p class=\"MsoNormal\"><span lang=\"FR\"><a href=\"https:\/\/paintballsolutions.com\/index.php\/warranty-registration\/\">https:\/\/paintballsolutions.com\/index.php\/warranty-registration\/<\/a><\/span><\/p>\n<p class=\"MsoNormal\"><span lang=\"FR\">La garantie limit\u00e9e des accessoires GI Sportz ne requiert pas d\u2019activation ou d\u2019enregistrement\u00a0; en d\u00e9clarant le chargeur, vous activez automatiquement la garantie des accessoires.<\/span><\/p>\n<p class=\"MsoNormal\"><strong><span lang=\"FR\">Garantie limit\u00e9e<\/span><\/strong><\/p>\n<p class=\"MsoNormal\"><span lang=\"FR\">Kore Outdoor Ltd. s\u2019engage aupr\u00e8s de l\u2019acheteur original \u00e0 r\u00e9aliser toutes r\u00e9parations ou remplacements de pi\u00e8ces d\u00e9fectueuses en raison d\u2019un vice de mati\u00e8re ou de fabrication, sans aucuns frais, et ce durant une p\u00e9riode sp\u00e9cifique (d\u00e9finie ci-dessus) \u00e0 partir de la date d\u2019achat originale. Tout ce que Kore Outdoor Ltd. demande, c\u2019est que vous entreteniez et preniez soin de ce produit et que les r\u00e9parations soient r\u00e9alis\u00e9es par Kore Outdoor Ltd. ou un centre agr\u00e9\u00e9 par Kore Outdoor Ltd.. Cette garantie est non transf\u00e9rable et ne couvre pas les d\u00e9g\u00e2ts et d\u00e9fauts r\u00e9sultant (a) d\u2019un entretien inappropri\u00e9 ; (b) d\u2019une alt\u00e9ration ou modification ; (c) d\u2019une r\u00e9paration non autoris\u00e9e ; (d) d\u2019un accident ; (e) d\u2019une mauvaise utilisation ou manipulation ; (f) d\u2019un manque de soin ou d\u2019une n\u00e9gligence ; (g) d\u2019une usure naturelle. Kore Outdoor Ltd. n\u2019autorise aucune personne ou repr\u00e9sentant \u00e0 assumer ou octroyer toute autre obligation de garantie lors de la vente de ce produit. <\/span><\/p>\n<p class=\"MsoNormal\"><span lang=\"FR\">CETTE GARANTIE EXPRESS EST LA SEULE OFFERTE \u00c0 L\u2019ACHAT DE CE PRODUIT\u00a0; TOUTE AUTRE GARANTIE EXPRESSE EST CONSID\u00c9R\u00c9E COMME NULLE. LES GARANTIES IMPLICITES DE QUALIT\u00c9 MARCHANDE ET DU CARACT\u00c8RE APPROPRI\u00c9 POUR UN USAGE SP\u00c9CIFIQUE SONT LIMIT\u00c9ES \u00c0 LA P\u00c9RIODE DE GARANTIE \u00c9TABLIE DANS LE PR\u00c9SENT DOCUMENT, ET AUCUNE GARANTIE, EXPRESSE OU IMPLICITE, NE SAURAIT S\u2019APPLIQUER UNE FOIS CETTE P\u00c9RIODE EXPIR\u00c9E.<\/span><\/p>\n<p class=\"MsoNormal\"><span lang=\"FR\">Certains \u00e9tats et certaines nations n\u2019autorisent pas la limitation de dur\u00e9e de garanties implicites, il se peut donc que la limitation susmentionn\u00e9e ne s\u2019applique pas pour vous. La seule et unique responsabilit\u00e9 de Kore Outdoor Ltd. et\/ou de ses distributeurs agr\u00e9\u00e9s sous cette garantie limit\u00e9e se limite \u00e0 la r\u00e9paration ou au remplacement de toute pi\u00e8ce ou ensemble consid\u00e9r\u00e9 comme d\u00e9fectueux en raison d\u2019un vice de mati\u00e8re ou de fabrication. <\/span><\/p>\n<p class=\"MsoNormal\"><span lang=\"FR\">Kore Outdoor Ltd. NE SAURAIT \u00caTRE TENU RESPONSABLE POUR, ET VOUS NIEZ EXPRESS\u00c9MENT, TOUT D\u00c9G\u00c2T DIRECT, INDIRECT, CONS\u00c9QUENTIEL OU ACCIDENTEL (COMMUN\u00c9MENT D\u00c9SIGN\u00c9 PAR \u00ab D\u00c9G\u00c2TS \u00bb) D\u00c9COULANT DE LA VENTE OU DE L\u2019USAGE, OU DE VOTRE INCAPACIT\u00c9 \u00c0 UTILISER CE PRODUIT. <\/span><\/p>\n<p class=\"MsoNormal\"><span lang=\"FR\">Certaines nations et certains \u00e9tats n\u2019autorisent pas l\u2019exclusion ou la limitation de d\u00e9g\u00e2ts accidentels ou cons\u00e9quentiels. Il est donc possible que la limitation ou l\u2019exclusion susmentionn\u00e9e ne s\u2019applique pas pour vous. Cette garantie vous conf\u00e8re des droits l\u00e9gaux sp\u00e9cifiques, et vous pouvez \u00e9galement jouir d\u2019autres droits pouvant varier d\u2019un \u00e9tat \u00e0 un autre, ou d\u2019une nation \u00e0 une autre. <\/span><\/p>\n<p class=\"MsoNormal\"><strong><span lang=\"FR\">R\u00e9parations sous et hors garantie<\/span><\/strong><\/p>\n<p class=\"MsoNormal\"><span lang=\"FR\">Pour tous services, pi\u00e8ces, informations ou guides r\u00e9dig\u00e9s en d\u2019autres langues (selon disponibilit\u00e9s) li\u00e9s \u00e0 la garantie, veuillez contacter Paintball Solutions\u00a0:<\/span> <span lang=\"FR\"><a href=\"https:\/\/paintballsolutions.com\/\"><strong>www.<\/strong><\/a><\/span><\/p>\n<p class=\"MsoNormal\"><span lang=\"FR\">E-Mail: <\/span><span lang=\"FR\"><strong><a href=\"mailto:serviceshop@gisportz.com\">serviceshop@gisportz.com<\/a><\/strong><\/span><\/p>\n<p class=\"MsoNormal\"><span lang=\"FR\"><strong>&#8211;<\/strong><\/span><\/p>\n<p class=\"MsoNormal\"><span lang=\"FR\">\u00c9tats-Unis : \u00a01-800-220-3222<\/span><\/p>\n<p class=\"MsoListParagraph\">4230 Lake Ave., Fort Wayne, IN 46815<\/p>\n<p class=\"MsoNormal\"><span lang=\"FR\">Lorsque vous exp\u00e9diez un produit \u00e0 Kore Outdoor Ltd. pour une r\u00e9paration sous ou hors garantie :<\/span><\/p>\n<p class=\"MsoListParagraphCxSpFirst\"><!-- [if !supportLists]--><span lang=\"FR\">1.<\/span> Contactez GI Sportz pour un num\u00e9ro RMA avant d&#8217;envoyer des produits. Vous pouvez nous joindre au 856.464.1068 poste 2 ou nous envoyer un courriel \u00e0 <a href=\"mailto:tech@\"><strong><span data-olk-copy-source=\"MessageBody\">tech@<\/span><\/strong><\/a><\/p>\n<p class=\"MsoListParagraphCxSpFirst\"><!--[endif]--><span lang=\"FR\">2. Si vous avez des pi\u00e8ces de march\u00e9 secondaire, veuillez tester le produit avec des pi\u00e8ces originales avant de l\u2019exp\u00e9dier pour un entretien ou une r\u00e9paration.<\/span><\/p>\n<p class=\"MsoListParagraphCxSpMiddle\"><span lang=\"FR\">3. <\/span><!--[endif]--><span lang=\"FR\">D\u00e9connectez tout cylindre de gaz ou d\u2019oxyg\u00e8ne fix\u00e9 \u00e0 votre produit, et si vous exp\u00e9diez un cylindre, assurez-vous que celui-ci est bien vide d\u2019air.<\/span><\/p>\n<p class=\"MsoListParagraphCxSpMiddle\"><span lang=\"FR\">4. <\/span><!--[endif]--><span lang=\"FR\">D\u00e9chargez et retirez toujours les billes du produit.<\/span><\/p>\n<p class=\"MsoListParagraphCxSpMiddle\"><span lang=\"FR\">5. <\/span><!--[endif]--><span lang=\"FR\">Envoyez le produit \u00e0 l\u2019adresse Kore Outdoor Ltd. identifi\u00e9e.<\/span><\/p>\n<p class=\"MsoListParagraphCxSpMiddle\"><span lang=\"FR\">6. <\/span><!--[endif]--><span lang=\"FR\">Vous devez pr\u00e9payer les frais de port et de livraison, et faire appel \u00e0 un transporteur fournissant un suivi de colis.<\/span><\/p>\n<p class=\"MsoListParagraphCxSpMiddle\"><span lang=\"FR\">7. <\/span><!--[endif]--><span lang=\"FR\">Indiquez la date d\u2019achat du produit.<\/span><\/p>\n<p class=\"MsoListParagraphCxSpLast\"><span lang=\"FR\">8. <\/span><!--[endif]--><span lang=\"FR\">Mentionnez votre nom, adresse de retour ainsi qu\u2019un num\u00e9ro de t\u00e9l\u00e9phone auquel vous pouvez \u00eatre joint dans la journ\u00e9e, si possible.<\/span><\/p>\n<p class=\"MsoNormal\"><span lang=\"FR\">Kore Outdoor Ltd. s\u2019efforce de proc\u00e9der aux r\u00e9parations dans les vingt-quatre (24) heures suivant la r\u00e9ception. Kore Outdoor Ltd. vous retournera votre produit via le service terrestre UPS standard. Si vous souhaitez utiliser un service plus rapide, vous pouvez choisir les options NEXT DAY AIR UPS ou SECOND DAY AIR UPS, mais des frais vous seront imput\u00e9s pour ces services, et vous devrez indiquer votre num\u00e9ro de carte bancaire ainsi que sa date de validit\u00e9. Le montant de la diff\u00e9rence avec le service d\u2019exp\u00e9dition standard vous sera factur\u00e9 sur votre carte de cr\u00e9dit.<\/span><\/p>\n","protected":false},"excerpt":{"rendered":"<p>Kore Outdoor Ltd. s\u2019engage \u00e0 vous fournir des produits de la plus haute qualit\u00e9 ainsi que le meilleur service possible afin que vous puissiez jouer en toute s\u00e9r\u00e9nit\u00e9. Kore Outdoor Ltd. 4230 Lake Ave. Fort Wayne, IN 46815 www.GISportz.com G.I. Sportz Paintball is a brand of Kore Outdoor Ltd. BREVET(S)\u00a0: rendez-vous sur www.\/patents \u00a9 2018 [&hellip;]<\/p>\n","protected":false},"author":1,"featured_media":0,"parent":999,"menu_order":0,"comment_status":"open","ping_status":"open","template":"","meta":{"footnotes":""},"class_list":["post-1113","page","type-page","status-publish","hentry"],"_links":{"self":[{"href":"https:\/\/paintballsolutions.com\/index.php\/wp-json\/wp\/v2\/pages\/1113","targetHints":{"allow":["GET"]}}],"collection":[{"href":"https:\/\/paintballsolutions.com\/index.php\/wp-json\/wp\/v2\/pages"}],"about":[{"href":"https:\/\/paintballsolutions.com\/index.php\/wp-json\/wp\/v2\/types\/page"}],"author":[{"embeddable":true,"href":"https:\/\/paintballsolutions.com\/index.php\/wp-json\/wp\/v2\/users\/1"}],"replies":[{"embeddable":true,"href":"https:\/\/paintballsolutions.com\/index.php\/wp-json\/wp\/v2\/comments?post=1113"}],"version-history":[{"count":9,"href":"https:\/\/paintballsolutions.com\/index.php\/wp-json\/wp\/v2\/pages\/1113\/revisions"}],"predecessor-version":[{"id":2196,"href":"https:\/\/paintballsolutions.com\/index.php\/wp-json\/wp\/v2\/pages\/1113\/revisions\/2196"}],"up":[{"embeddable":true,"href":"https:\/\/paintballsolutions.com\/index.php\/wp-json\/wp\/v2\/pages\/999"}],"wp:attachment":[{"href":"https:\/\/paintballsolutions.com\/index.php\/wp-json\/wp\/v2\/media?parent=1113"}],"curies":[{"name":"wp","href":"https:\/\/api.w.org\/{rel}","templated":true}]}}